{"id":3082,"date":"2020-04-25T03:57:03","date_gmt":"2020-04-25T03:57:03","guid":{"rendered":"https:\/\/hondurasenalemania.com\/new\/?page_id=3082"},"modified":"2022-03-02T02:53:09","modified_gmt":"2022-03-02T02:53:09","slug":"como-exportar-a-la-eu","status":"publish","type":"page","link":"https:\/\/hondurasenalemania.com\/new\/como-exportar-a-la-eu\/","title":{"rendered":"Como exportar a la EU"},"content":{"rendered":"[vc_row type=&#8221;in_container&#8221; full_screen_row_position=&#8221;middle&#8221; column_margin=&#8221;default&#8221; column_direction=&#8221;default&#8221; column_direction_tablet=&#8221;default&#8221; column_direction_phone=&#8221;default&#8221; scene_position=&#8221;center&#8221; text_color=&#8221;dark&#8221; text_align=&#8221;left&#8221; row_border_radius=&#8221;none&#8221; row_border_radius_applies=&#8221;bg&#8221; overlay_strength=&#8221;0.3&#8243; gradient_direction=&#8221;left_to_right&#8221; shape_divider_position=&#8221;bottom&#8221; bg_image_animation=&#8221;none&#8221;][vc_column column_padding=&#8221;no-extra-padding&#8221; column_padding_tablet=&#8221;inherit&#8221; column_padding_phone=&#8221;inherit&#8221; column_padding_position=&#8221;all&#8221; background_color_opacity=&#8221;1&#8243; background_hover_color_opacity=&#8221;1&#8243; column_shadow=&#8221;none&#8221; column_border_radius=&#8221;none&#8221; column_link_target=&#8221;_self&#8221; gradient_direction=&#8221;left_to_right&#8221; overlay_strength=&#8221;0.3&#8243; width=&#8221;2\/3&#8243; tablet_width_inherit=&#8221;default&#8221; tablet_text_alignment=&#8221;default&#8221; phone_text_alignment=&#8221;default&#8221; column_border_width=&#8221;none&#8221; column_border_style=&#8221;solid&#8221; bg_image_animation=&#8221;none&#8221;][vc_column_text]\n<h3 style=\"text-align: justify;\">HAC\u00cdA PA\u00cdSES DE LA UNI\u00d3N EUROPEA QUE CONFORMAN EL ACUERDO DE ASOCIACI\u00d3N (ADA)<\/h3>\n<p>&nbsp;<\/p>\n<h3 style=\"text-align: justify;\"><a name=\"_Toc29821563\"><\/a>Los tr\u00e1mites requeridos son:<\/h3>\n<ol style=\"text-align: justify;\">\n<li>Declaraci\u00f3n de Exportaci\u00f3n<\/li>\n<li>Certificado Fitosanitario o Zoosanitario<\/li>\n<li>Certificado de Origen EUR-1<\/li>\n<\/ol>\n<ol style=\"text-align: justify;\">\n<li style=\"list-style-type: none;\">\n<ul>\n<li>Dicho certificado es proporcionado y autorizado por la Direcci\u00f3n General de Integraci\u00f3n Econ\u00f3mica y Pol\u00edtica Comercial de est\u00e1 Secretar\u00eda de Estado.<\/li>\n<\/ul>\n<\/li>\n<\/ol>\n<h3 style=\"text-align: justify;\"><a name=\"_Toc29821564\"><\/a>Los requisitos son los siguientes:<\/h3>\n<p style=\"text-align: justify;\">Para la emisi\u00f3n del EUR.1, el exportador o su representante deber\u00e1 presentarse ante la ventanilla de la Direcci\u00f3n General de Integraci\u00f3n Econ\u00f3mica y Pol\u00edtica Comercial a solicitar el formato EUR.1, previa presentaci\u00f3n del recibo oficial de la Tesorer\u00eda General de la Rep\u00fablica TGR-1 en el c\u00f3digo 12121, por concepto de pago de la emisi\u00f3n de los actos administrativos, el cual puede ser bajado de la p\u00e1gina Web:\u00a0<a href=\"http:\/\/www.sefin.gob.hn\">www.sefin.gob.hn<\/a> y cancelado en cualquier instituci\u00f3n bancaria nacional.<\/p>\n<p style=\"text-align: justify;\">Posteriormente la Direcci\u00f3n General de Integraci\u00f3n Econ\u00f3mica y Pol\u00edtica Comercial, entregar\u00e1 el formato EUR.1 seg\u00fan lo solicitado por el exportador o su representante.<\/p>\n<p style=\"text-align: justify;\">El exportador o su representante deber\u00e1n presentar el EUR.1 debidamente llenado y firmado, a efecto de que las autoridades de la Direcci\u00f3n General de Integraci\u00f3n Econ\u00f3mica y Pol\u00edtica Comercial procedan a la firma y sellado de la misma, acompa\u00f1ado de una solicitud que deber\u00e1 ir en papel membretado de la empresa, adjuntando la informaci\u00f3n siguiente<\/p>\n<ol style=\"text-align: justify;\">\n<li>Identificaci\u00f3n del solicitante, incluyendo una descripci\u00f3n de su actividad econ\u00f3mica;<\/li>\n<li>Copia de la factura comercial;<\/li>\n<li>Copia del conocimiento de embarque;<\/li>\n<li>En el caso de las personas naturales, copia de los documentos siguientes: Tarjeta de Identidad, Registro Tributario Nacional, registro de Comerciante Individual, dichas copias \u00fanicamente con la primera solicitud.<\/li>\n<li>En el caso de las personas jur\u00eddicas, copia de la Escritura de Constituci\u00f3n, Registro Tributario, dichas copias \u00fanicamente con la primera solicitud.<\/li>\n<li>Direcci\u00f3n f\u00edsica incluyendo n\u00famero de tel\u00e9fono, fax y correo electr\u00f3nico.<\/li>\n<li>Acreditaci\u00f3n por \u00fanica vez, del representante de la empresa para realizar los tr\u00e1mites, mediante carta poder autenticada, en caso de sustituirlo deber\u00e1 acompa\u00f1arse nuevamente la acreditaci\u00f3n.<\/li>\n<\/ol>\n<p style=\"text-align: justify;\">Asimismo se les informa que los formatos EUR.1, est\u00e1n disponibles en la Direcci\u00f3n General de Integraci\u00f3n econ\u00f3mica y Pol\u00edtica Comercial.<\/p>\n<h3 style=\"text-align: justify;\"><a name=\"_Toc29821565\"><\/a>Productos Condicionados a la Exportaci\u00f3n<\/h3>\n<p style=\"text-align: justify;\">Seg\u00fan el Acuerdo No. 63-2015 de la Secretar\u00eda de Estado en los Despachos de Desarrollo Econ\u00f3mico, sobre la ejecuci\u00f3n de pol\u00edticas relacionadas con los mecanismos internos de comercializaci\u00f3n de bienes y servicios, para asegurar condiciones adecuadas de abastecimiento, establece prohibir las exportaciones de\u00a0<strong>frijol rojo fracciones arancelarias, 0713.32.00 y 0713.3340<\/strong>\u00a0del Arancel Centroamericano de Importaci\u00f3n (ACI), hasta la normalizaci\u00f3n de las situaciones de oferta nacional de frijol rojo y se garantice el abastecimiento interno, luego con el Acuerdo No. 132-2015 se permite las exportaciones con previa autorizaci\u00f3n de la Secretar\u00eda de Desarrollo Econ\u00f3mico y en consulta con la Secretar\u00eda de Agricultura y Ganader\u00eda.<\/p>\n<h3 style=\"text-align: justify;\"><a name=\"_Toc29821566\"><\/a>Emisi\u00f3n de Certificado de Circulaci\u00f3n de Mercanc\u00edas EUR1 en el Marco del Acuerdo de Asociaci\u00f3n entre Honduras y Uni\u00f3n Europea<\/h3>\n<p style=\"text-align: justify;\">Autorizar y emitir los Certificados de Circulaci\u00f3n de Mercanc\u00edas EUR1 para mercanc\u00edas originarias de Honduras para que los exportadores puedan gozar de tratamiento arancelario preferencial en el marco del Acuerdo.<\/p>\n<p style=\"text-align: justify;\">Todas las empresas que exporten productos hacia la Uni\u00f3n Europea que cumplan con los requisitos y con las reglas de origen establecidas en el Acuerdo.<\/p>\n<p style=\"text-align: justify;\">Para conocer sobre los tiempos del procedimiento interno a realizar, ingresa aqu\u00ed: <a href=\"http:\/\/prohonduras.hn\/index.php\/en\/exportaciones-hacia-paises-con-de-la-union-europea-que-conforman-el-acuerdo-de-asociacion-ada\">http:\/\/prohonduras.hn\/index.php\/en\/exportaciones-hacia-paises-con-de-la-union-europea-que-conforman-el-acuerdo-de-asociacion-ada<\/a><\/p>\n<h3 style=\"text-align: justify;\"><a name=\"_Toc29821567\"><\/a>Documentos de Referencia:<\/h3>\n<p style=\"text-align: justify;\">Acuerdo de Asociaci\u00f3n entre Centroam\u00e9rica y Uni\u00f3n Europea Anexo II: RELATIVO A LA DEFINICI\u00d3N DEL CONCEPTO DE &#8220;PRODUCTOS ORIGINARIOS&#8221; Y M\u00c9TODOS DE COOPERACI\u00d3N ADMINISTRATIVA. Unidad de Contingentes y Licencias\/ Asignaci\u00f3n y Emisi\u00f3n del N\u00famero de Importador de Productos L\u00e1cteos (NRIPL).<\/p>\n[\/vc_column_text][\/vc_column][vc_column column_padding=&#8221;no-extra-padding&#8221; column_padding_tablet=&#8221;inherit&#8221; column_padding_phone=&#8221;inherit&#8221; column_padding_position=&#8221;all&#8221; background_color=&#8221;#ffffff&#8221; background_color_opacity=&#8221;1&#8243; background_hover_color_opacity=&#8221;1&#8243; column_shadow=&#8221;none&#8221; column_border_radius=&#8221;none&#8221; column_link_target=&#8221;_self&#8221; gradient_direction=&#8221;left_to_right&#8221; overlay_strength=&#8221;0.3&#8243; width=&#8221;1\/3&#8243; tablet_width_inherit=&#8221;default&#8221; tablet_text_alignment=&#8221;default&#8221; phone_text_alignment=&#8221;default&#8221; column_border_width=&#8221;none&#8221; column_border_style=&#8221;solid&#8221; bg_image_animation=&#8221;none&#8221;][\/vc_column][\/vc_row]\n","protected":false},"excerpt":{"rendered":"<p>[vc_row type=&#8221;in_container&#8221; full_screen_row_position=&#8221;middle&#8221; column_margin=&#8221;default&#8221; column_direction=&#8221;default&#8221; column_direction_tablet=&#8221;default&#8221; column_direction_phone=&#8221;default&#8221; scene_position=&#8221;center&#8221; text_color=&#8221;dark&#8221; text_align=&#8221;left&#8221; row_border_radius=&#8221;none&#8221; row_border_radius_applies=&#8221;bg&#8221; overlay_strength=&#8221;0.3&#8243; gradient_direction=&#8221;left_to_right&#8221; shape_divider_position=&#8221;bottom&#8221; bg_image_animation=&#8221;none&#8221;][vc_column column_padding=&#8221;no-extra-padding&#8221; column_padding_tablet=&#8221;inherit&#8221; column_padding_phone=&#8221;inherit&#8221; column_padding_position=&#8221;all&#8221; background_color_opacity=&#8221;1&#8243; background_hover_color_opacity=&#8221;1&#8243; column_shadow=&#8221;none&#8221; column_border_radius=&#8221;none&#8221; column_link_target=&#8221;_self&#8221; gradient_direction=&#8221;left_to_right&#8221; overlay_strength=&#8221;0.3&#8243; width=&#8221;2\/3&#8243; tablet_width_inherit=&#8221;default&#8221; tablet_text_alignment=&#8221;default&#8221;&#8230;<\/p>\n","protected":false},"author":1,"featured_media":0,"parent":0,"menu_order":0,"comment_status":"closed","ping_status":"closed","template":"","meta":{"nf_dc_page":"","_monsterinsights_skip_tracking":false,"_monsterinsights_sitenote_active":false,"_monsterinsights_sitenote_note":"","_monsterinsights_sitenote_category":0,"footnotes":""},"class_list":["post-3082","page","type-page","status-publish"],"_links":{"self":[{"href":"https:\/\/hondurasenalemania.com\/new\/wp-json\/wp\/v2\/pages\/3082","targetHints":{"allow":["GET"]}}],"collection":[{"href":"https:\/\/hondurasenalemania.com\/new\/wp-json\/wp\/v2\/pages"}],"about":[{"href":"https:\/\/hondurasenalemania.com\/new\/wp-json\/wp\/v2\/types\/page"}],"author":[{"embeddable":true,"href":"https:\/\/hondurasenalemania.com\/new\/wp-json\/wp\/v2\/users\/1"}],"replies":[{"embeddable":true,"href":"https:\/\/hondurasenalemania.com\/new\/wp-json\/wp\/v2\/comments?post=3082"}],"version-history":[{"count":4,"href":"https:\/\/hondurasenalemania.com\/new\/wp-json\/wp\/v2\/pages\/3082\/revisions"}],"predecessor-version":[{"id":3267,"href":"https:\/\/hondurasenalemania.com\/new\/wp-json\/wp\/v2\/pages\/3082\/revisions\/3267"}],"wp:attachment":[{"href":"https:\/\/hondurasenalemania.com\/new\/wp-json\/wp\/v2\/media?parent=3082"}],"curies":[{"name":"wp","href":"https:\/\/api.w.org\/{rel}","templated":true}]}}