{"id":2718,"date":"2020-04-19T02:36:53","date_gmt":"2020-04-19T02:36:53","guid":{"rendered":"https:\/\/hondurasenalemania.com\/new\/?page_id=2718"},"modified":"2022-03-02T02:45:13","modified_gmt":"2022-03-02T02:45:13","slug":"salvoconductos","status":"publish","type":"page","link":"https:\/\/hondurasenalemania.com\/new\/salvoconductos\/","title":{"rendered":"Salvoconductos"},"content":{"rendered":"[vc_row type=&#8221;in_container&#8221; full_screen_row_position=&#8221;middle&#8221; column_margin=&#8221;default&#8221; column_direction=&#8221;default&#8221; column_direction_tablet=&#8221;default&#8221; column_direction_phone=&#8221;default&#8221; scene_position=&#8221;center&#8221; text_color=&#8221;dark&#8221; text_align=&#8221;left&#8221; row_border_radius=&#8221;none&#8221; row_border_radius_applies=&#8221;bg&#8221; overlay_strength=&#8221;0.3&#8243; gradient_direction=&#8221;left_to_right&#8221; shape_divider_position=&#8221;bottom&#8221; bg_image_animation=&#8221;none&#8221;][vc_column column_padding=&#8221;no-extra-padding&#8221; column_padding_tablet=&#8221;inherit&#8221; column_padding_phone=&#8221;inherit&#8221; column_padding_position=&#8221;all&#8221; background_color_opacity=&#8221;1&#8243; background_hover_color_opacity=&#8221;1&#8243; column_shadow=&#8221;none&#8221; column_border_radius=&#8221;none&#8221; column_link_target=&#8221;_self&#8221; gradient_direction=&#8221;left_to_right&#8221; overlay_strength=&#8221;0.3&#8243; width=&#8221;2\/3&#8243; tablet_width_inherit=&#8221;default&#8221; tablet_text_alignment=&#8221;default&#8221; phone_text_alignment=&#8221;default&#8221; column_border_width=&#8221;none&#8221; column_border_style=&#8221;solid&#8221; bg_image_animation=&#8221;none&#8221;][vc_column_text]\n<p style=\"text-align: justify;\"><strong>Modalidad de solicitud:<\/strong><\/p>\n<p style=\"text-align: justify;\">La Secci\u00f3n Consular de Honduras en Berl\u00edn informa que para el tr\u00e1mite para un de Salvoconducto, el interesado deber\u00e1 solicitar cita enviando previamente al correo electr\u00f3nico\u00a0<span id=\"cloak1833c836e4fd5c02ad65f83c9b0937d9\"><a href=\"mailto:schn.berlin@gmail.com\">schn.berlin@gmail.com<\/a><\/span>\u00a0los documentos solicitados en los requisitos. Una vez recibido todo lo anterior, se le ofrecer\u00e1 una cita v\u00eda e-mail para la firma del documento.<br \/>\nRequisitos:<\/p>\n<ul style=\"text-align: justify;\">\n<li>Copia del boleto a\u00e9reo que comprende todo el itinerario del viaje directamente hacia Honduras.<\/li>\n<li>Pasaporte vencido o denuncia p\u00e9rdida, robo o extrav\u00edo.<\/li>\n<li>Tarjeta de Identidad hondure\u00f1a original o Certificaci\u00f3n de Acta de Nacimiento hondure\u00f1a original.<\/li>\n<li>Comprobante de pago por medio de transferencia bancaria.<\/li>\n<\/ul>\n<h4 style=\"text-align: justify;\"><strong>Costo:<\/strong><\/h4>\n<p style=\"text-align: justify;\"><span class=\"alert alert-info alert-notice bg-info\">9.80 Euros.\u00a0 \u00a0 \u00a0 \u00a0 \u00a0 \u00a0 \u00a0 \u00a0 \u00a0 \u00a0 \u00a0 \u00a0 \u00a0 \u00a0 \u00a0 \u00a0 \u00a0 \u00a0 \u00a0 \u00a0 \u00a0 \u00a0 \u00a0 \u00a0 \u00a0 \u00a0 \u00a0 \u00a0 \u00a0 \u00a0 \u00a0 \u00a0 \u00a0 \u00a0 \u00a0 \u00a0 \u00a0 \u00a0 \u00a0 \u00a0 \u00a0 \u00a0 \u00a0 \u00a0 \u00a0 \u00a0 \u00a0 \u00a0 \u00a0 \u00a0 \u00a0 \u00a0 \u00a0 \u00a0 \u00a0 \u00a0 \u00a0 \u00a0 \u00a0 \u00a0 \u00a0 \u00a0 \u00a0 \u00a0 \u00a0 \u00a0<\/span><\/p>\n<p style=\"text-align: justify;\">Se deber\u00e1 presentar junto con los requisitos del tramite a realizar:<\/p>\n<ul style=\"text-align: justify;\">\n<li>La hoja de deposito del banco.<\/li>\n<li>Hacer el deposito en la Cuenta de Euros<\/li>\n<\/ul>\n<p class=\"alert alert-message\" style=\"text-align: justify;\">A nombre de:<br \/>\nBotschaft von Honduras &#8211; Seccion Consular<br \/>\nDeutsche Bank BLZ 10070000<br \/>\nCuenta No. 927844100<\/p>\n<p class=\"alert alert-message\" style=\"text-align: justify;\">Si desea hacer una transferencia internacional<br \/>\nIBAN: DE02 1007 0000 0927 8441 00<br \/>\nSWIFT-BIC: DEUTDEBBXXX<\/p>\n<h4 style=\"text-align: justify;\"><strong>Informaci\u00f3n:<\/strong><\/h4>\n<p style=\"text-align: justify;\">En caso de no poseer un pasaporte vigente, se extiende el salvoconducto \u2013 un documento de viaje que se utiliza una sola vez y que sirve para viajar s\u00f3lo y exclusivamente hacia Honduras. Este documento se extiende \u00fanicamente en casos especiales y de emergencia.<\/p>\n<p>Disposiciones para menores de edad. Los menores de edad pueden viajar con salvoconducto \u00fanicamente si van acompa\u00f1ados de sus padres. En caso de que el menor no viaje con sus padres, los padres deber\u00e1n entregar a este Consulado, una autorizaci\u00f3n de salida del menor emitida por un Notario P\u00fablico en Honduras con la debida Aut\u00e9ntica emitida por el Colegio de Abogados de Honduras si los mismos se encuentran en Honduras. Si los padres residen en el extranjero, la autorizaci\u00f3n deber\u00e1 ser emitida por el C\u00f3nsul de Honduras de competencia o por Notario P\u00fablico con legalizaci\u00f3n de la Apostilla de La Haya.<\/p>\n<h4 style=\"text-align: justify;\"><strong>El d\u00eda de su cita Usted:<\/strong><\/h4>\n<p style=\"text-align: justify;\">1. Deber\u00e1 llevar consigo TODOS los documentos solicitados en ORIGINAL excepto donde se solicitan las debidas fotocopias.<\/p>\n<p>2. Si Usted cumple con lo anterior, obtendr\u00e1 su Salvoconducto<\/p>\n[\/vc_column_text][\/vc_column][vc_column column_padding=&#8221;no-extra-padding&#8221; column_padding_tablet=&#8221;inherit&#8221; column_padding_phone=&#8221;inherit&#8221; column_padding_position=&#8221;all&#8221; background_color=&#8221;#ffffff&#8221; background_color_opacity=&#8221;1&#8243; background_hover_color_opacity=&#8221;1&#8243; column_shadow=&#8221;none&#8221; column_border_radius=&#8221;none&#8221; column_link_target=&#8221;_self&#8221; gradient_direction=&#8221;left_to_right&#8221; overlay_strength=&#8221;0.3&#8243; width=&#8221;1\/3&#8243; tablet_width_inherit=&#8221;default&#8221; tablet_text_alignment=&#8221;default&#8221; phone_text_alignment=&#8221;default&#8221; column_border_width=&#8221;none&#8221; column_border_style=&#8221;solid&#8221; bg_image_animation=&#8221;none&#8221;][\/vc_column][\/vc_row]\n","protected":false},"excerpt":{"rendered":"<p>[vc_row type=&#8221;in_container&#8221; full_screen_row_position=&#8221;middle&#8221; column_margin=&#8221;default&#8221; column_direction=&#8221;default&#8221; column_direction_tablet=&#8221;default&#8221; column_direction_phone=&#8221;default&#8221; scene_position=&#8221;center&#8221; text_color=&#8221;dark&#8221; text_align=&#8221;left&#8221; row_border_radius=&#8221;none&#8221; row_border_radius_applies=&#8221;bg&#8221; overlay_strength=&#8221;0.3&#8243; gradient_direction=&#8221;left_to_right&#8221; shape_divider_position=&#8221;bottom&#8221; bg_image_animation=&#8221;none&#8221;][vc_column column_padding=&#8221;no-extra-padding&#8221; column_padding_tablet=&#8221;inherit&#8221; column_padding_phone=&#8221;inherit&#8221; column_padding_position=&#8221;all&#8221; background_color_opacity=&#8221;1&#8243; background_hover_color_opacity=&#8221;1&#8243; column_shadow=&#8221;none&#8221; column_border_radius=&#8221;none&#8221; column_link_target=&#8221;_self&#8221; gradient_direction=&#8221;left_to_right&#8221; overlay_strength=&#8221;0.3&#8243; width=&#8221;2\/3&#8243; tablet_width_inherit=&#8221;default&#8221; tablet_text_alignment=&#8221;default&#8221;&#8230;<\/p>\n","protected":false},"author":1,"featured_media":0,"parent":0,"menu_order":0,"comment_status":"closed","ping_status":"closed","template":"","meta":{"nf_dc_page":"","_monsterinsights_skip_tracking":false,"_monsterinsights_sitenote_active":false,"_monsterinsights_sitenote_note":"","_monsterinsights_sitenote_category":0,"footnotes":""},"class_list":["post-2718","page","type-page","status-publish"],"_links":{"self":[{"href":"https:\/\/hondurasenalemania.com\/new\/wp-json\/wp\/v2\/pages\/2718","targetHints":{"allow":["GET"]}}],"collection":[{"href":"https:\/\/hondurasenalemania.com\/new\/wp-json\/wp\/v2\/pages"}],"about":[{"href":"https:\/\/hondurasenalemania.com\/new\/wp-json\/wp\/v2\/types\/page"}],"author":[{"embeddable":true,"href":"https:\/\/hondurasenalemania.com\/new\/wp-json\/wp\/v2\/users\/1"}],"replies":[{"embeddable":true,"href":"https:\/\/hondurasenalemania.com\/new\/wp-json\/wp\/v2\/comments?post=2718"}],"version-history":[{"count":2,"href":"https:\/\/hondurasenalemania.com\/new\/wp-json\/wp\/v2\/pages\/2718\/revisions"}],"predecessor-version":[{"id":3253,"href":"https:\/\/hondurasenalemania.com\/new\/wp-json\/wp\/v2\/pages\/2718\/revisions\/3253"}],"wp:attachment":[{"href":"https:\/\/hondurasenalemania.com\/new\/wp-json\/wp\/v2\/media?parent=2718"}],"curies":[{"name":"wp","href":"https:\/\/api.w.org\/{rel}","templated":true}]}}